2*y = 100, 2 = y. What is the greatest common factor of 6 and u?
6
Let o(g) = -g**3 + 11*g**2 - 7*g - 22. Let p be o(10). Let j = 15 + -3. Calculate the highest common divisor of p and j.
4
Let z be 98/8 + (-42)/8 + 5. Calculate the highest common factor of 6 and z.
6
Let r(k) = k - 1. Let n be r(4). Let g be (-15)/(-9) + 1/n. Suppose -3*u + 24 = -g*u. What is the greatest common divisor of u and 3?
3
Let z be (-6490)/(-45) + (-4)/18. Calculate the highest common divisor of 16 and z.
16
Let g be 430/4 - 2/4. Let t = -26 + g. Suppose -3*r - 2*c + t = 0, -2 + 24 = r - c. Calculate the highest common factor of 10 and r.
5
Let h be ((-2)/(-2))/((-4)/(-12)). Let j = 3 - h. Let d be (20 - (-2 - j))*1. What is the highest common factor of 33 and d?
11
Let f be ((-4)/((-64)/(-92)))/((-1)/8). Calculate the greatest common factor of 322 and f.
46
Let z(x) = 3*x**2. Let t be z(6). Calculate the highest common divisor of 27 and t.
27
Suppose -3*g - 4*m = -5*m - 26, g - 12 = 2*m. Let c be g/(-1) + 4 - -16. Calculate the greatest common factor of c and 4.
4
Suppose 81 = 6*h - 3*h. What is the greatest common factor of h and 108?
27
Suppose 15*a = 11*a + 484. What is the highest common factor of a and 11?
11
Let h be (-8)/(-6)*114/4. Suppose 58 + h = 4*z. What is the greatest common divisor of 16 and z?
8
Suppose 3*a + 1 = -2. Let o(p) = -23*p + 1. Let b be o(a). Calculate the greatest common divisor of b and 6.
6
Suppose -2*w - 46 = -136. Calculate the greatest common divisor of 30 and w.
15
Let i(m) be the first derivative of m**3/3 + m**2/2 - 2*m + 11. Let g be i(2). Calculate the greatest common factor of 32 and g.
4
Let d(p) = 4*p + 3. Let m be d(-3). Let u = m + 11. What is the highest common factor of u and 2?
2
Let g(u) = 2*u. Let i be g(6). Let c be -4*((1 - 1) + 1). Let s = -1 - c. Calculate the greatest common divisor of s and i.
3
Suppose 5*q + 21 = 2*p - 5, 2*p - 2*q = 14. Suppose 0 = -3*v - 4 + 49. Let l = v - 9. Calculate the greatest common factor of l and p.
3
Let u be (12/(-9))/2 - 1918/(-42). Calculate the greatest common divisor of 5 and u.
5
Let y = -70 + 73. Suppose a + 2*a = 6. Calculate the highest common factor of y and a.
1
Let n(i) = 3*i + 15. Let m be n(9). What is the greatest common factor of 28 and m?
14
Let j(f) = -f + 13. Let g be j(9). Suppose 2*m = -2*m - g. Let v = m - -10. Calculate the highest common factor of v and 6.
3
Suppose 0 = -9*i + 6*i + 9. What is the highest common factor of 3 and i?
3
Let x(w) = w**2 - 4*w - 2. Let d be x(5). Calculate the greatest common divisor of 15 and d.
3
Let b = -11 + 16. Suppose 0*q + q - 2 = -4*s, -q = 3*s - 2. Suppose 3*d - 24 = -c + d, 2*d - 4 = s. What is the greatest common factor of b and c?
5
Let h(w) = -w**3 - w**2 + 200. Let s be h(0). What is the greatest common factor of s and 80?
40
Let x(h) be the second derivative of h**5/20 + h**4/12 + h**3/6 + 5*h**2/2 + h. Let d be x(0). What is the highest common factor of d and 5?
5
Suppose -4*q = -8*q + 52. What is the greatest common divisor of 26 and q?
13
Suppose -2*r - 4*r + 264 = 0. Calculate the greatest common divisor of 4 and r.
4
Let g = 1 - -89. Let s(u) = -u**3 + 7*u**2 - u + 6. Let r be s(6). What is the greatest common factor of r and g?
18
Let k be 32 + 4/(-4 - -6). Calculate the highest common divisor of 51 and k.
17
Let s be (46/(-4))/(11/(-22)). What is the highest common factor of 161 and s?
23
Suppose -3*s + 4*s - 10 = 0. Calculate the greatest common divisor of 70 and s.
10
Suppose -3*i - 5*x + 4 = 0, -x + 10 = 5*i - 26. Suppose -g + 3 + 2 = 0. Suppose -g*n = -0*n - 160. What is the highest common factor of n and i?
8
Suppose -i - 6 = -2*v, -2*i - 15 = -5*v + 4*v. Let o = 17 + i. Calculate the highest common factor of 27 and o.
9
Suppose -w + 25 + 11 = 0. What is the greatest common factor of 54 and w?
18
Suppose 4*s = -0*s. Let g = 16 + s. What is the greatest common divisor of 8 and g?
8
Suppose -2*r + 7*r - 1445 = 0. Suppose -4*m + i + r = 0, 3*m + i - 213 = -2*i. Calculate the highest common factor of 9 and m.
9
Let b(d) = d**3 + 5*d**2 + 3*d + 2. Let t be b(-2). Let l(q) = q**3 - 9*q**2 + 8*q + 3. Let p be l(t). What is the greatest common divisor of 2 and p?
1
Suppose -5*m = -5*k - 1740, -3*m + 427 = 4*k - 638. Calculate the highest common factor of m and 39.
39
Suppose 0 = 2*h + 2*h - 60. Calculate the greatest common factor of 10 and h.
5
Let r(s) = -s**3 + s**2 + 80. Let w be r(0). Let p = -1 + 1. Suppose -t + 4*t - 96 = p. Calculate the highest common divisor of t and w.
16
Suppose -176 = -4*o - 4*f, o + 5 = -5*f + 61. Suppose j - 43 = -2*z, z + 0*z - o = -j. Suppose 6*d = 2*d + 52. Calculate the highest common factor of j and d.
13
Suppose -3*s + 54 = -174. What is the greatest common factor of 4 and s?
4
Suppose -20*k + 22*k - 90 = 0. What is the greatest common divisor of k and 5?
5
Let b(a) = a**2 - a - 2. Let r be b(-5). Let u = r + -12. Let o(q) = 23*q - 97. Let k be o(7). What is the highest common divisor of k and u?
16
Suppose 5*u - 623 = -3*l - 126, 0 = -5*u + 3*l + 503. Let x be 102/5 + (-2)/5. What is the greatest common factor of u and x?
20
Let f = 2 + 0. Calculate the greatest common divisor of f and 2.
2
Let o be (-6)/(-9) - (-94)/3. Let c be (-26)/(-117) + o/18. Calculate the highest common factor of c and 12.
2
Let i = 32 - 21. What is the highest common factor of i and 121?
11
Let o be 5 + (-2 - -8)/(-3). Suppose 0 = n + o*n - 40. Suppose -r - r + n = 0. Calculate the highest common factor of r and 40.
5
Let c(k) = k**3 + 6*k**2 + 4*k + 7. Let a be c(-5). Let u(r) = r - 3 - 2*r + 2*r + 0*r. Let y be u(7). Calculate the highest common factor of y and a.
4
Let w = -25 - -43. Let f be ((-3)/3 + w)*1. Suppose 294 = 2*r - 3*u, -u + 3*u - 314 = -2*r. What is the greatest common divisor of r and f?
17
Suppose y + y - 18 = 0. Let d = 4 + y. Suppose 0*n - 3*m = 2*n - 49, 3*m - 101 = -4*n. Calculate the highest common factor of n and d.
13
Let r = 20 + -48. Let k be (3/(-6))/(1/r). Suppose 0 = 2*y + 5*u - 38, -u + 2*u + 54 = 4*y. What is the greatest common divisor of k and y?
14
Let k(y) = -364*y**3 + 2*y**2 + 2*y + 1. Let t be k(-1). Let d = t + -156. Calculate the highest common factor of 19 and d.
19
Let o be ((-256)/(-20))/(2/5). What is the highest common divisor of o and 32?
32
Let k be (-20)/2*(-6)/5. Suppose -9 = 2*n - 33. What is the highest common factor of k and n?
12
Let b = -159 - -303. Calculate the highest common divisor of 96 and b.
48
Suppose -6*u + 38 = -4. Calculate the greatest common divisor of 35 and u.
7
Let f be -8*(3/(-2) - 2). What is the greatest common divisor of 308 and f?
28
Let i be 1 + -2 + 94 + -3. What is the greatest common factor of 10 and i?
10
Suppose 2 + 1 = 2*j + 3*m, -3*j - m - 13 = 0. Let s = j + 11. Calculate the greatest common factor of s and 20.
5
Let k = 93 - 54. What is the greatest common factor of k and 78?
39
Suppose -4*l + 2*s = l + 18, 0 = 4*l - 4*s + 24. Let c be 3/(l - 1) - -7. What is the highest common factor of 12 and c?
6
Let k be ((-4)/5)/(1/5). Let p(j) = j + 5. Let t be p(k). What is the highest common factor of 11 and t?
1
Suppose -h = -6 - 1. What is the highest common factor of 14 and h?
7
Suppose -5*j = 23 - 8. Let i be 15/(-12)*(j + -1). Suppose -6*l + l = -i, 4*s = -3*l + 83. Calculate the greatest common factor of s and 8.
4
Suppose -r = 4*v + 33 - 95, -3*v = -5*r - 58. What is the highest common factor of v and 80?
16
Suppose 2 = -2*x - 8, 0 = -4*n + 2*x + 54. Suppose -23 = 5*k + 7. Let z(i) = -14*i - 7. Let l be z(k). Calculate the highest common divisor of n and l.
11
Suppose 0 = -4*r - 9 + 57. Suppose 7*j - 2*j + 10 = 0. Let k be 3 - (j + 389)/(-3). What is the greatest common divisor of r and k?
12
Let p = -69 - -146. Let j(q) = 7*q**2 - q**2 - q**3 + 0*q + 3 - 6*q. Let z be j(4). Calculate the greatest common factor of p and z.
11
Let a(j) = j**2 - 2*j + 1. Let i be a(1). Suppose k - 35 = -i*k. Let b = 14 - 9. What is the highest common divisor of b and k?
5
Let b(u) = -u + 8. Let z be b(4). Suppose k = z*k - 33. What is the greatest common factor of k and 121?
11
Let j(d) = -d + 1. Let c be j(3). Let o(i) = -1 - i**3 + 0*i**2 + 0*i**3 - 3*i - i**2. Let z be o(c). What is the highest common divisor of 6 and z?
3
Su